hest common divisor of 351631072 and 292.
292
What is the greatest common factor of 421335 and 664065?
135
Calculate the highest common factor of 2268343 and 15477.
77
Calculate the greatest common factor of 172487 and 3813.
41
What is the greatest common divisor of 5376 and 630630?
42
What is the greatest common divisor of 1752347 and 1494195?
1403
What is the greatest common divisor of 25574 and 12122?
38
What is the greatest common factor of 3980 and 1567324?
796
Calculate the greatest common factor of 750386 and 4902.
38
What is the highest common divisor of 1044 and 46083987?
261
What is the greatest common divisor of 157 and 479825127?
157
What is the greatest common divisor of 188 and 348156?
4
What is the highest common factor of 15587025 and 5795?
305
What is the highest common factor of 329791 and 108339?
77
Calculate the greatest common divisor of 20 and 84179845.
5
What is the highest common factor of 116000 and 107875?
125
Calculate the highest common factor of 58903278 and 147.
21
Calculate the highest common divisor of 384 and 19842216.
24
What is the greatest common divisor of 8980545 and 3689?
217
What is the greatest common divisor of 12 and 2281628?
4
What is the highest common factor of 4872 and 1466675?
203
Calculate the greatest common divisor of 6692763 and 161700.
1617
Calculate the greatest common divisor of 146128 and 22124.
4
What is the greatest common divisor of 69 and 1417304643?
69
Calculate the highest common factor of 34140169 and 399.
133
What is the highest common factor of 93672000 and 1125?
1125
What is the greatest common factor of 113425 and 4671365?
1745
What is the highest common divisor of 3854126 and 1266?
422
Calculate the greatest common factor of 3036489 and 2295.
51
Calculate the greatest common factor of 593340 and 2761.
11
Calculate the highest common divisor of 26 and 58549361.
13
What is the highest common divisor of 8695 and 1916473645?
8695
What is the highest common divisor of 71286784 and 16?
16
Calculate the greatest common factor of 60 and 152787036.
12
What is the highest common divisor of 61 and 173529?
1
What is the highest common factor of 4815 and 49842740?
535
What is the highest common divisor of 928 and 17950391?
29
Calculate the highest common factor of 11 and 19018417.
11
What is the highest common factor of 2544 and 868026?
6
Calculate the greatest common divisor of 10 and 4779770.
10
What is the greatest common factor of 3393 and 1779817?
377
What is the highest common divisor of 46325865 and 6165?
2055
Calculate the greatest common factor of 1534464 and 188416.
512
Calculate the greatest common factor of 41310 and 3133899.
153
What is the greatest common divisor of 18 and 1210802?
2
Calculate the greatest common factor of 1402448414 and 7498.
7498
What is the greatest common divisor of 34480 and 2672?
16
What is the highest common factor of 34663456 and 12865?
2573
What is the greatest common factor of 643915762 and 14?
14
Calculate the greatest common divisor of 18674 and 116.
2
Calculate the greatest common divisor of 7 and 11269132.
7
Calculate the highest common divisor of 481399 and 1643.
1643
Calculate the greatest common divisor of 4758 and 3082452.
366
Calculate the highest common factor of 888449 and 10371.
3457
Calculate the greatest common factor of 206 and 107056346.
206
What is the highest common factor of 9185 and 53120195?
835
Calculate the greatest common divisor of 189721 and 23534.
7
Calculate the greatest common divisor of 237 and 60912476.
79
What is the greatest common factor of 832 and 772811?
13
Calculate the highest common divisor of 93 and 727887.
3
Calculate the highest common factor of 60 and 589980.
60
Calculate the highest common divisor of 89961201 and 2178.
1089
Calculate the greatest common factor of 1962796 and 1764214.
2878
Calculate the greatest common divisor of 767636 and 32.
4
Calculate the highest common divisor of 292132392 and 36.
12
Calculate the highest common divisor of 563338067 and 1567.
1567
Calculate the highest common divisor of 411959681 and 71127.
7903
Calculate the greatest common divisor of 2886 and 50560796.
962
What is the greatest common factor of 13728 and 74139?
39
What is the highest common factor of 39078279 and 198?
9
Calculate the greatest common divisor of 170890 and 113.
1
Calculate the highest common factor of 225 and 7703625.
75
What is the greatest common factor of 848 and 1133648?
16
What is the highest common divisor of 549095022 and 2109?
2109
Calculate the greatest common divisor of 139108688 and 136.
136
Calculate the greatest common factor of 9910245 and 120.
15
Calculate the highest common factor of 710478 and 7614.
54
What is the greatest common factor of 216187 and 2703?
53
Calculate the greatest common divisor of 1809 and 4661334.
27
What is the highest common divisor of 113 and 8713995?
113
Calculate the greatest common factor of 1967745007 and 291.
97
Calculate the greatest common factor of 2230 and 192110.
10
Calculate the highest common divisor of 108 and 45444888.
108
What is the greatest common factor of 722082 and 453?
453
Calculate the highest common factor of 199398858 and 6.
6
Calculate the greatest common divisor of 346750 and 1761300.
950
Calculate the highest common divisor of 415230 and 49.
1
What is the highest common divisor of 1241 and 1005867?
73
Calculate the highest common factor of 2818520 and 127720.
1240
Calculate the highest common divisor of 202452066 and 32406.
2946
What is the greatest common factor of 5679367 and 92?
23
Calculate the highest common factor of 170 and 16315410.
170
What is the greatest common divisor of 777403 and 145783?
319
What is the greatest common divisor of 12606159 and 999?
111
Calculate the greatest common factor of 6560264 and 580.
116
Calculate the highest common divisor of 1193 and 73492379.
1193
Calculate the highest common factor of 13913259 and 102.
51
Calculate the highest common factor of 3000 and 1733775.
75
What is the greatest common factor of 115673659 and 922?
461
What is the highest common divisor of 945648 and 33924?
132
What is the greatest common factor of 3006 and 9238941?
1503
Calculate the greatest common divisor of 2058 and 8733466.
686
Calculate the greatest common divisor of 430 and 13880959.
43
What is the highest common factor of 1803538 and 9782?
146
What is the highest common divisor of 191385 and 8685?
45
What is the greatest common factor of 2288 and 84275334?
286
Calculate the greatest common divisor of 10402093 and 767.
13
What is the highest common divisor of 594756 and 1512?
108
What is the highest common divisor of 938 and 15535022?
134
What is the highest common factor of 850750 and 6380?
10
What is the greatest common factor of 3135 and 48133470?
165
Calculate the highest common divisor of 171932 and 17596.
212
Calculate the greatest common factor of 160579975 and 45.
5
Calculate the highest common divisor of 1428 and 33359746.
238
Calculate the greatest common factor of 4881 and 1701.
3
Calculate the highest common divisor of 369 and 76918.
1
Calculate the greatest common divisor of 83354927 and 697.
697
What is the greatest common divisor of 363078 and 127926?
414
What is the greatest common divisor of 166086 and 198?
18
Calculate the greatest common factor of 7960281 and 84.
21
What is the greatest common divisor of 172926 and 365742?
234
Calculate the highest common divisor of 53651763 and 2541.
363
Calculate the greatest common factor of 190107 and 14526.
27
Calculate the greatest common factor of 65031 and 707709.
159
Calculate the greatest common divisor of 538874 and 35258.
122
What is the greatest common factor of 3582838 and 1946?
14
Calculate the highest common divisor of 133716 and 48444.
132
What is the highest common factor of 45 and 11011095?
45
What is the greatest common factor of 11875 and 124847500?
625
Calculate the highest common factor of 3527500 and 86700.
1700
What is the greatest common divisor of 7168 and 9455936?
448
Calculate the greatest common divisor of 140124647 and 13.
13
Calculate the greatest common factor of 79962 and 10164.
6
Calculate the highest common divisor of 22896 and 34037712.
432
Calculate the highest common divisor of 33 and 8613297.
33
Calculate the greatest co